
{"id":9285,"date":"2025-07-01T17:32:49","date_gmt":"2025-07-01T17:32:49","guid":{"rendered":"https:\/\/ahead.africa\/?post_type=event&#038;p=9285"},"modified":"2026-03-31T09:11:34","modified_gmt":"2026-03-31T09:11:34","slug":"uganda-country-forum","status":"publish","type":"event","link":"https:\/\/ahead.africa\/fr\/event\/uganda-country-forum\/","title":{"rendered":"\ud83c\uddfa\ud83c\uddec Forum national de l'Ouganda"},"content":{"rendered":"<p>Un chapitre d\u00e9cisif s'ouvre pour l'Ouganda. \u00c0 l'approche des \u00e9lections g\u00e9n\u00e9rales de 2026, l'Ouganda est pris en \u00e9tau entre ses aspirations \u00e0 d\u00e9fendre les valeurs d\u00e9mocratiques et les frictions qui les minent. <\/p>\n\n\n\n<p>Les r\u00e9centes \u00e9valuations de Freedom House et de Civicus Global Alliance brossent un tableau sombre de la r\u00e9pression et de l'\u00e9rosion des droits, renfor\u00e7ant ce que de nombreuses personnes en Ouganda ressentent d\u00e9j\u00e0 sur le terrain. Alors que l'espace civique se r\u00e9tr\u00e9cit et que les inqui\u00e9tudes concernant la violence politique et la libert\u00e9 de la presse se font de plus en plus vives, il n'a jamais \u00e9t\u00e9 aussi urgent de veiller \u00e0 ce que les \u00e9lections se d\u00e9roulent dans le respect de l'int\u00e9grit\u00e9.<\/p>\n\n\n\n<p class=\"has-text-color has-link-color wp-elements-8e513e9469094076c35e5a4d949c515c\">En r\u00e9ponse, le Centre pour la gouvernance constitutionnelle (CCG), en collaboration avec le Forum national des ONG de l'Ouganda (UNNGOF), l'Association nationale des ONG de l'Ouganda et l'Association nationale des ONG de l'Ouganda. <a href=\"https:\/\/ahead.africa\/fr\/partners\/afeonet\/#acfim\" target=\"_blank\" rel=\"noreferrer noopener\">Alliance for Finance Monitoring (ACFIM)<\/a>et avec le soutien de la <a href=\"https:\/\/ahead.africa\/fr\/partners\/east-and-horn-of-africa-election-observers-network\/\" target=\"_blank\" rel=\"noreferrer noopener\">R\u00e9seau des observateurs \u00e9lectoraux de l'Est et de la Corne de l'Afrique (E-HORN)<\/a>La Commission europ\u00e9enne organise un forum national le 3 juillet 2025.<\/p>\n\n\n\n<p>Ce rassemblement r\u00e9unira des voix de la soci\u00e9t\u00e9 civile, des partis politiques, de la Commission \u00e9lectorale, des m\u00e9dias et d'autres acteurs afin de faire face aux d\u00e9fis \u00e0 venir et de co-cr\u00e9er une feuille de route pour des \u00e9lections pacifiques, \u00e9quitables et cr\u00e9dibles en 2026. Plus qu'un forum, il s'agit d'un appel \u00e0 pr\u00e9server collectivement l'avenir d\u00e9mocratique de l'Ouganda.<\/p>\n\n\n\n<div class=\"wp-block-buttons is-content-justification-center is-layout-flex wp-container-core-buttons-is-layout-a89b3969 wp-block-buttons-is-layout-flex\">\n<div class=\"wp-block-button has-custom-width wp-block-button__width-75\"><a class=\"wp-block-button__link wp-element-button\" href=\"https:\/\/ahead.africa\/fr\/ballots-not-bullets-for-ugandas-2026-elections\/\">Tous les d\u00e9tails sur le Forum national en Ouganda<\/a><\/div>\n<\/div>\n\n\n\n<div class=\"wp-block-buttons is-content-justification-center is-layout-flex wp-container-core-buttons-is-layout-a89b3969 wp-block-buttons-is-layout-flex\">\n<div class=\"wp-block-button has-custom-width wp-block-button__width-75\"><a class=\"wp-block-button__link has-background-color has-primary-background-color has-text-color has-background has-link-color has-custom-font-size wp-element-button\" href=\"https:\/\/www.youtube.com\/watch?v=wSX2KHEXXq4\" style=\"font-size:14px\">Regarder l'introduction de l'\u00e9v\u00e9nement via Civic Space TV<\/a><\/div>\n<\/div>","protected":false},"featured_media":9430,"template":"event","meta":{"_acf_changed":false},"class_list":["post-9285","event","type-event","status-publish","has-post-thumbnail","hentry"],"acf":[],"_links":{"self":[{"href":"https:\/\/ahead.africa\/fr\/wp-json\/wp\/v2\/event\/9285","targetHints":{"allow":["GET"]}}],"collection":[{"href":"https:\/\/ahead.africa\/fr\/wp-json\/wp\/v2\/event"}],"about":[{"href":"https:\/\/ahead.africa\/fr\/wp-json\/wp\/v2\/types\/event"}],"wp:featuredmedia":[{"embeddable":true,"href":"https:\/\/ahead.africa\/fr\/wp-json\/wp\/v2\/media\/9430"}],"wp:attachment":[{"href":"https:\/\/ahead.africa\/fr\/wp-json\/wp\/v2\/media?parent=9285"}],"curies":[{"name":"wp","href":"https:\/\/api.w.org\/{rel}","templated":true}]}}

<p>Un chapitre décisif s'ouvre pour l'Ouganda. À l'approche des élections générales de 2026, l'Ouganda est pris en étau entre ses aspirations à défendre les valeurs démocratiques et les frictions qui les minent. </p>



<p>Les récentes évaluations de Freedom House et de Civicus Global Alliance brossent un tableau sombre de la répression et de l'érosion des droits, renforçant ce que de nombreuses personnes en Ouganda ressentent déjà sur le terrain. Alors que l'espace civique se rétrécit et que les inquiétudes concernant la violence politique et la liberté de la presse se font de plus en plus vives, il n'a jamais été aussi urgent de veiller à ce que les élections se déroulent dans le respect de l'intégrité.</p>



<p class="has-text-color has-link-color wp-elements-8e513e9469094076c35e5a4d949c515c">En réponse, le Centre pour la gouvernance constitutionnelle (CCG), en collaboration avec le Forum national des ONG de l'Ouganda (UNNGOF), l'Association nationale des ONG de l'Ouganda et l'Association nationale des ONG de l'Ouganda. <a href="https://ahead.africa/fr/partners/afeonet/#acfim" target="_blank" rel="noreferrer noopener">Alliance for Finance Monitoring (ACFIM)</a>et avec le soutien de la <a href="https://ahead.africa/fr/partners/east-and-horn-of-africa-election-observers-network/" target="_blank" rel="noreferrer noopener">Réseau des observateurs électoraux de l'Est et de la Corne de l'Afrique (E-HORN)</a>La Commission européenne organise un forum national le 3 juillet 2025.</p>



<p>Ce rassemblement réunira des voix de la société civile, des partis politiques, de la Commission électorale, des médias et d'autres acteurs afin de faire face aux défis à venir et de co-créer une feuille de route pour des élections pacifiques, équitables et crédibles en 2026. Plus qu'un forum, il s'agit d'un appel à préserver collectivement l'avenir démocratique de l'Ouganda.</p>



<div class="wp-block-buttons is-content-justification-center is-layout-flex wp-container-core-buttons-is-layout-a89b3969 wp-block-buttons-is-layout-flex">
<div class="wp-block-button has-custom-width wp-block-button__width-75"><a class="wp-block-button__link wp-element-button" href="https://ahead.africa/fr/ballots-not-bullets-for-ugandas-2026-elections/">Tous les détails sur le Forum national en Ouganda</a></div>
</div>



<div class="wp-block-buttons is-content-justification-center is-layout-flex wp-container-core-buttons-is-layout-a89b3969 wp-block-buttons-is-layout-flex">
<div class="wp-block-button has-custom-width wp-block-button__width-75"><a class="wp-block-button__link has-background-color has-primary-background-color has-text-color has-background has-link-color has-custom-font-size wp-element-button" href="https://www.youtube.com/watch?v=wSX2KHEXXq4" style="font-size:14px">Regarder l'introduction de l'événement via Civic Space TV</a></div>
</div>
