
{"id":8430,"date":"2025-03-24T13:02:20","date_gmt":"2025-03-24T13:02:20","guid":{"rendered":"https:\/\/ahead.africa\/?post_type=event&#038;p=8430"},"modified":"2025-07-03T11:29:09","modified_gmt":"2025-07-03T11:29:09","slug":"podcast-challenges-and-opportunities-for-east-african-2025-elections","status":"publish","type":"event","link":"https:\/\/ahead.africa\/fr\/event\/podcast-challenges-and-opportunities-for-east-african-2025-elections\/","title":{"rendered":"\ud83c\udfa7 Podcast | D\u00e9fis et opportunit\u00e9s pour les \u00e9lections en Afrique de l'Est en 2025"},"content":{"rendered":"<p class=\"has-text-color has-link-color wp-elements-2c9ccf4a83ca7620e2b2233b91d364dd\">En mars 2025, en marge de la conf\u00e9rence de l <a href=\"https:\/\/ahead.africa\/fr\/time-for-solutions-to-africas-electoral-challenges\/\">S\u00e9minaire d'apprentissage par l\u2019exp\u00e9rience<\/a> \u00e0 Nairobi, au Kenya, une conversation importante et opportune s'est engag\u00e9e.<\/p>\n\n\n\n<p>S'appuyant sur les enseignements tir\u00e9s des \u00e9lections de 2024 dans la r\u00e9gion, le R\u00e9seau \u00e9lectoral de l'Est et de la Corne de l'Afrique (E-HORN) a r\u00e9uni des experts \u00e9lectoraux pour un \u00e9change prospectif sur l'\u00e9tat de pr\u00e9paration des prochaines \u00e9lections de 2025 en Ouganda, au Burundi et en Tanzanie.<\/p>\n\n\n\n<p>La conversation a permis de d\u00e9cortiquer cinq couches du paysage \u00e9lectoral : la pr\u00e9paration \u00e9lectorale, l'espace civique et l'engagement des citoyens, la capacit\u00e9 des observateurs, la technologie \u00e9lectorale et la mar\u00e9e montante de la d\u00e9sinformation, ainsi que le r\u00f4le crucial de la s\u00e9curit\u00e9 dans la pr\u00e9servation des transitions pacifiques.<\/p>\n\n\n\n<p class=\"has-text-color has-link-color wp-elements-89777c088ed0835fd7a63345be21cf5c\">De cet important \u00e9change est n\u00e9e une <a href=\"https:\/\/www.youtube.com\/watch?v=lz1j_qOu9hQ\">podcast<\/a>. Avec les yeux riv\u00e9s sur les \u00e9lections de 2025, ce podcast invite son public \u00e0 participer activement \u00e0 la d\u00e9fense de l'int\u00e9grit\u00e9 \u00e9lectorale et \u00e0 la promotion de la transparence dans toute la r\u00e9gion.<\/p>\n\n\n\n<div class=\"wp-block-columns has-primary-alt-background-color has-background is-layout-flex wp-container-core-columns-is-layout-28f84493 wp-block-columns-is-layout-flex\" style=\"border-radius:15px\">\n<div class=\"wp-block-column is-layout-flow wp-block-column-is-layout-flow\">\n<div class=\"wp-block-columns is-layout-flex wp-container-core-columns-is-layout-28f84493 wp-block-columns-is-layout-flex\">\n<div class=\"wp-block-column is-layout-flow wp-block-column-is-layout-flow\" style=\"flex-basis:100px\"><\/div>\n\n\n\n<div class=\"wp-block-column is-layout-flow wp-block-column-is-layout-flow\">\n<figure class=\"wp-block-embed is-type-video is-provider-youtube wp-block-embed-youtube wp-embed-aspect-16-9 wp-has-aspect-ratio\"><div class=\"wp-block-embed__wrapper\">\n<iframe loading=\"lazy\" title=\"Renforcement de l&#039;int\u00e9grit\u00e9 \u00e9lectorale : d\u00e9fis et opportunit\u00e9s dans les \u00e9lections en Afrique de l&#039;Est\" width=\"500\" height=\"281\" src=\"https:\/\/www.youtube.com\/embed\/lz1j_qOu9hQ?feature=oembed\" frameborder=\"0\" allow=\"accelerometer; autoplay; clipboard-write; encrypted-media; gyroscope; picture-in-picture; web-share\" referrerpolicy=\"strict-origin-when-cross-origin\" allowfullscreen><\/iframe>\n<\/div><\/figure>\n<\/div>\n\n\n\n<div class=\"wp-block-column is-layout-flow wp-block-column-is-layout-flow\" style=\"flex-basis:100px\"><\/div>\n<\/div>\n\n\n\n<div class=\"wp-block-buttons has-custom-font-size is-content-justification-center is-layout-flex wp-container-core-buttons-is-layout-a89b3969 wp-block-buttons-is-layout-flex\" style=\"font-size:clamp(14px, 0.875rem + ((1vw - 3.2px) * 0.204), 16px);\">\n<div class=\"wp-block-button has-custom-width wp-block-button__width-50 has-custom-font-size\" style=\"font-size:14px\"><a class=\"wp-block-button__link has-text-color has-tertiary-background-color has-text-color has-background has-link-color wp-element-button\" href=\"https:\/\/www.youtube.com\/watch?v=lz1j_qOu9hQ\" target=\"_blank\" rel=\"noreferrer noopener\">Re(watch) full episode<\/a><\/div>\n<\/div>\n<\/div>\n<\/div>","protected":false},"featured_media":8450,"template":"event","meta":{"_acf_changed":false},"class_list":["post-8430","event","type-event","status-publish","has-post-thumbnail","hentry"],"acf":[],"_links":{"self":[{"href":"https:\/\/ahead.africa\/fr\/wp-json\/wp\/v2\/event\/8430","targetHints":{"allow":["GET"]}}],"collection":[{"href":"https:\/\/ahead.africa\/fr\/wp-json\/wp\/v2\/event"}],"about":[{"href":"https:\/\/ahead.africa\/fr\/wp-json\/wp\/v2\/types\/event"}],"wp:featuredmedia":[{"embeddable":true,"href":"https:\/\/ahead.africa\/fr\/wp-json\/wp\/v2\/media\/8450"}],"wp:attachment":[{"href":"https:\/\/ahead.africa\/fr\/wp-json\/wp\/v2\/media?parent=8430"}],"curies":[{"name":"wp","href":"https:\/\/api.w.org\/{rel}","templated":true}]}}

🎧 Podcast | Défis et opportunités pour les élections en Afrique de l'Est en 2025

<p class="has-text-color has-link-color wp-elements-2c9ccf4a83ca7620e2b2233b91d364dd">En mars 2025, en marge de la conférence de l <a href="https://ahead.africa/fr/time-for-solutions-to-africas-electoral-challenges/">Séminaire d'apprentissage par l’expérience</a> à Nairobi, au Kenya, une conversation importante et opportune s'est engagée.</p>



<p>S'appuyant sur les enseignements tirés des élections de 2024 dans la région, le Réseau électoral de l'Est et de la Corne de l'Afrique (E-HORN) a réuni des experts électoraux pour un échange prospectif sur l'état de préparation des prochaines élections de 2025 en Ouganda, au Burundi et en Tanzanie.</p>



<p>La conversation a permis de décortiquer cinq couches du paysage électoral : la préparation électorale, l'espace civique et l'engagement des citoyens, la capacité des observateurs, la technologie électorale et la marée montante de la désinformation, ainsi que le rôle crucial de la sécurité dans la préservation des transitions pacifiques.</p>



<p class="has-text-color has-link-color wp-elements-89777c088ed0835fd7a63345be21cf5c">De cet important échange est née une <a href="https://www.youtube.com/watch?v=lz1j_qOu9hQ">podcast</a>. Avec les yeux rivés sur les élections de 2025, ce podcast invite son public à participer activement à la défense de l'intégrité électorale et à la promotion de la transparence dans toute la région.</p>



<div class="wp-block-columns has-primary-alt-background-color has-background is-layout-flex wp-container-core-columns-is-layout-28f84493 wp-block-columns-is-layout-flex" style="border-radius:15px">
<div class="wp-block-column is-layout-flow wp-block-column-is-layout-flow">
<div class="wp-block-columns is-layout-flex wp-container-core-columns-is-layout-28f84493 wp-block-columns-is-layout-flex">
<div class="wp-block-column is-layout-flow wp-block-column-is-layout-flow" style="flex-basis:100px"></div>



<div class="wp-block-column is-layout-flow wp-block-column-is-layout-flow">
<figure class="wp-block-embed is-type-video is-provider-youtube wp-block-embed-youtube wp-embed-aspect-16-9 wp-has-aspect-ratio"><div class="wp-block-embed__wrapper">
<iframe loading="lazy" title="Renforcement de l&#039;intégrité électorale : défis et opportunités dans les élections en Afrique de l&#039;Est" width="500" height="281" src="https://www.youtube.com/embed/lz1j_qOu9hQ?feature=oembed" frameborder="0" allow="accelerometer; autoplay; clipboard-write; encrypted-media; gyroscope; picture-in-picture; web-share" referrerpolicy="strict-origin-when-cross-origin" allowfullscreen></iframe>
</div></figure>
</div>



<div class="wp-block-column is-layout-flow wp-block-column-is-layout-flow" style="flex-basis:100px"></div>
</div>



<div class="wp-block-buttons has-custom-font-size is-content-justification-center is-layout-flex wp-container-core-buttons-is-layout-a89b3969 wp-block-buttons-is-layout-flex" style="font-size:clamp(14px, 0.875rem + ((1vw - 3.2px) * 0.204), 16px);">
<div class="wp-block-button has-custom-width wp-block-button__width-50 has-custom-font-size" style="font-size:14px"><a class="wp-block-button__link has-text-color has-tertiary-background-color has-text-color has-background has-link-color wp-element-button" href="https://www.youtube.com/watch?v=lz1j_qOu9hQ" target="_blank" rel="noreferrer noopener">Re(watch) full episode</a></div>
</div>
</div>
</div>
