
{"id":8422,"date":"2025-05-09T10:34:00","date_gmt":"2025-05-09T10:34:00","guid":{"rendered":"https:\/\/ahead.africa\/?post_type=event&#038;p=8422"},"modified":"2025-07-03T11:28:04","modified_gmt":"2025-07-03T11:28:04","slug":"webinar-tanzania-2025-elections","status":"publish","type":"event","link":"https:\/\/ahead.africa\/fr\/event\/webinar-tanzania-2025-elections\/","title":{"rendered":"\ud83c\udf99\ufe0f Webinar | \u00c9lections Tanzanie 2025 : La lutte pour la d\u00e9mocratie et la justice \u00e9lectorale en Afrique"},"content":{"rendered":"<p><strong>La Tanzanie \u00e0 la crois\u00e9e des chemins<\/strong> dans son parcours d\u00e9mocratique apr\u00e8s la disqualification du principal parti d'opposition du pays, CHADEMA, qui n'a pas \u00e9t\u00e9 autoris\u00e9 \u00e0 se pr\u00e9senter aux \u00e9lections g\u00e9n\u00e9rales d'octobre 2025.<\/p>\n\n\n\n<p>\u00c0 l'approche des \u00e9lections tanzaniennes de 2025, CHADEMA a lanc\u00e9 le programme <strong>#pas de r\u00e9formes #pas d'\u00e9lections <\/strong>Le gouvernement a lanc\u00e9 une campagne de sensibilisation, exigeant des r\u00e9formes juridiques et insistant sur le fait que sans de v\u00e9ritables r\u00e9formes, les \u00e9lections en Tanzanie risquent de n'\u00eatre qu'une simple fa\u00e7ade de d\u00e9mocratie. La r\u00e9ponse du gouvernement ? L'arrestation et la poursuite en justice du pr\u00e9sident de CHADEMA, sur la base d'accusations largement consid\u00e9r\u00e9es comme politiquement motiv\u00e9es. Le 12 avril 2025, la Commission \u00e9lectorale nationale ind\u00e9pendante (CENI) a organis\u00e9 une c\u00e9r\u00e9monie pr\u00e9cipit\u00e9e pour que les partis signent le Code d'\u00e9thique \u00e9lectorale. CHADEMA n'y a pas particip\u00e9 et a \u00e9t\u00e9 disqualifi\u00e9 - malgr\u00e9 l'absence de d\u00e9lai l\u00e9gal -, ce qui a suscit\u00e9 des inqui\u00e9tudes quant \u00e0 l'\u00e9quit\u00e9 et \u00e0 la transparence du processus \u00e9lectoral.<\/p>\n\n\n\n<p><strong>Cette situation fait \u00e9cho \u00e0 des tendances plus g\u00e9n\u00e9rales observ\u00e9es dans toute l'Afrique<\/strong>o\u00f9 les leaders de l'opposition sont de plus en plus criminalis\u00e9s, o\u00f9 l'espace civique se r\u00e9tr\u00e9cit et o\u00f9 les institutions essentielles \u00e0 la consolidation de la d\u00e9mocratie sont menac\u00e9es.<\/p>\n\n\n\n<p class=\"has-text-color has-link-color wp-elements-98f97078b885464bc7e1a86c2274768d\">Le pr\u00e9sent <a href=\"https:\/\/www.youtube.com\/live\/8duUX-jySnI\">webinaire<\/a> r\u00e9unit des experts \u00e9lectoraux, des analystes politiques, des acteurs de la soci\u00e9t\u00e9 civile et des parties prenantes r\u00e9gionales pour r\u00e9fl\u00e9chir aux questions suivantes :<\/p>\n\n\n\n<ul class=\"wp-block-list\">\n<li>La demande de r\u00e9formes de CHADEMA avant les \u00e9lections de 2025 \u00e9tait-elle raisonnable ?<\/li>\n\n\n\n<li>Des r\u00e9formes \u00e9lectorales significatives peuvent-elles \u00eatre r\u00e9alis\u00e9es en Tanzanie sans modification de la constitution ?<\/li>\n\n\n\n<li>Quelles sont les implications du boycott et de la disqualification de CHADEMA ?<\/li>\n\n\n\n<li>Assiste-t-on \u00e0 une am\u00e9lioration ou \u00e0 un recul par rapport aux \u00e9lections de 2020 ?<\/li>\n\n\n\n<li>La criminalisation des dirigeants de l'opposition, notamment par le biais d'accusations de trahison, est-elle en train de devenir une tactique normalis\u00e9e sur l'ensemble du continent ?<\/li>\n\n\n\n<li>Qu'est-ce que cela signifie pour les normes d\u00e9mocratiques telles que la participation des citoyens, la libert\u00e9 d'expression et la responsabilit\u00e9 ?<\/li>\n<\/ul>\n\n\n\n<div class=\"wp-block-columns has-primary-alt-background-color has-background is-layout-flex wp-container-core-columns-is-layout-28f84493 wp-block-columns-is-layout-flex\" style=\"border-radius:15px\">\n<div class=\"wp-block-column is-layout-flow wp-block-column-is-layout-flow\">\n<div class=\"wp-block-columns is-layout-flex wp-container-core-columns-is-layout-28f84493 wp-block-columns-is-layout-flex\">\n<div class=\"wp-block-column is-layout-flow wp-block-column-is-layout-flow\" style=\"flex-basis:100px\"><\/div>\n\n\n\n<div class=\"wp-block-column is-layout-flow wp-block-column-is-layout-flow\">\n<figure class=\"wp-block-embed is-type-video is-provider-youtube wp-block-embed-youtube wp-embed-aspect-16-9 wp-has-aspect-ratio\"><div class=\"wp-block-embed__wrapper\">\n<iframe loading=\"lazy\" title=\"\u00c9LECTIONS EN TANZANIE EN 2025 : LA LUTTE POUR LA D\u00c9MOCRATIE ET LA JUSTICE \u00c9LECTORALE EN AFRIQUE\" width=\"500\" height=\"281\" src=\"https:\/\/www.youtube.com\/embed\/8duUX-jySnI?feature=oembed\" frameborder=\"0\" allow=\"accelerometer; autoplay; clipboard-write; encrypted-media; gyroscope; picture-in-picture; web-share\" referrerpolicy=\"strict-origin-when-cross-origin\" allowfullscreen><\/iframe>\n<\/div><\/figure>\n<\/div>\n\n\n\n<div class=\"wp-block-column is-layout-flow wp-block-column-is-layout-flow\" style=\"flex-basis:100px\"><\/div>\n<\/div>\n\n\n\n<div class=\"wp-block-buttons has-custom-font-size is-content-justification-center is-layout-flex wp-container-core-buttons-is-layout-a89b3969 wp-block-buttons-is-layout-flex\" style=\"font-size:clamp(14px, 0.875rem + ((1vw - 3.2px) * 0.204), 16px);\">\n<div class=\"wp-block-button has-custom-width wp-block-button__width-50 has-custom-font-size\" style=\"font-size:14px\"><a class=\"wp-block-button__link has-text-color has-tertiary-background-color has-text-color has-background has-link-color wp-element-button\" href=\"https:\/\/www.youtube.com\/live\/8duUX-jySnI\" target=\"_blank\" rel=\"noreferrer noopener\">Regarder le webinaire<\/a><\/div>\n<\/div>\n<\/div>\n<\/div>","protected":false},"featured_media":8453,"template":"event","meta":{"_acf_changed":true},"class_list":["post-8422","event","type-event","status-publish","has-post-thumbnail","hentry"],"acf":[],"_links":{"self":[{"href":"https:\/\/ahead.africa\/fr\/wp-json\/wp\/v2\/event\/8422","targetHints":{"allow":["GET"]}}],"collection":[{"href":"https:\/\/ahead.africa\/fr\/wp-json\/wp\/v2\/event"}],"about":[{"href":"https:\/\/ahead.africa\/fr\/wp-json\/wp\/v2\/types\/event"}],"wp:featuredmedia":[{"embeddable":true,"href":"https:\/\/ahead.africa\/fr\/wp-json\/wp\/v2\/media\/8453"}],"wp:attachment":[{"href":"https:\/\/ahead.africa\/fr\/wp-json\/wp\/v2\/media?parent=8422"}],"curies":[{"name":"wp","href":"https:\/\/api.w.org\/{rel}","templated":true}]}}

🎙️ Webinar | Élections Tanzanie 2025 : La lutte pour la démocratie et la justice électorale en Afrique

<p><strong>La Tanzanie à la croisée des chemins</strong> dans son parcours démocratique après la disqualification du principal parti d'opposition du pays, CHADEMA, qui n'a pas été autorisé à se présenter aux élections générales d'octobre 2025.</p>



<p>À l'approche des élections tanzaniennes de 2025, CHADEMA a lancé le programme <strong>#pas de réformes #pas d'élections </strong>Le gouvernement a lancé une campagne de sensibilisation, exigeant des réformes juridiques et insistant sur le fait que sans de véritables réformes, les élections en Tanzanie risquent de n'être qu'une simple façade de démocratie. La réponse du gouvernement ? L'arrestation et la poursuite en justice du président de CHADEMA, sur la base d'accusations largement considérées comme politiquement motivées. Le 12 avril 2025, la Commission électorale nationale indépendante (CENI) a organisé une cérémonie précipitée pour que les partis signent le Code d'éthique électorale. CHADEMA n'y a pas participé et a été disqualifié - malgré l'absence de délai légal -, ce qui a suscité des inquiétudes quant à l'équité et à la transparence du processus électoral.</p>



<p><strong>Cette situation fait écho à des tendances plus générales observées dans toute l'Afrique</strong>où les leaders de l'opposition sont de plus en plus criminalisés, où l'espace civique se rétrécit et où les institutions essentielles à la consolidation de la démocratie sont menacées.</p>



<p class="has-text-color has-link-color wp-elements-98f97078b885464bc7e1a86c2274768d">Le présent <a href="https://www.youtube.com/live/8duUX-jySnI">webinaire</a> réunit des experts électoraux, des analystes politiques, des acteurs de la société civile et des parties prenantes régionales pour réfléchir aux questions suivantes :</p>



<ul class="wp-block-list">
<li>La demande de réformes de CHADEMA avant les élections de 2025 était-elle raisonnable ?</li>



<li>Des réformes électorales significatives peuvent-elles être réalisées en Tanzanie sans modification de la constitution ?</li>



<li>Quelles sont les implications du boycott et de la disqualification de CHADEMA ?</li>



<li>Assiste-t-on à une amélioration ou à un recul par rapport aux élections de 2020 ?</li>



<li>La criminalisation des dirigeants de l'opposition, notamment par le biais d'accusations de trahison, est-elle en train de devenir une tactique normalisée sur l'ensemble du continent ?</li>



<li>Qu'est-ce que cela signifie pour les normes démocratiques telles que la participation des citoyens, la liberté d'expression et la responsabilité ?</li>
</ul>



<div class="wp-block-columns has-primary-alt-background-color has-background is-layout-flex wp-container-core-columns-is-layout-28f84493 wp-block-columns-is-layout-flex" style="border-radius:15px">
<div class="wp-block-column is-layout-flow wp-block-column-is-layout-flow">
<div class="wp-block-columns is-layout-flex wp-container-core-columns-is-layout-28f84493 wp-block-columns-is-layout-flex">
<div class="wp-block-column is-layout-flow wp-block-column-is-layout-flow" style="flex-basis:100px"></div>



<div class="wp-block-column is-layout-flow wp-block-column-is-layout-flow">
<figure class="wp-block-embed is-type-video is-provider-youtube wp-block-embed-youtube wp-embed-aspect-16-9 wp-has-aspect-ratio"><div class="wp-block-embed__wrapper">
<iframe loading="lazy" title="ÉLECTIONS EN TANZANIE EN 2025 : LA LUTTE POUR LA DÉMOCRATIE ET LA JUSTICE ÉLECTORALE EN AFRIQUE" width="500" height="281" src="https://www.youtube.com/embed/8duUX-jySnI?feature=oembed" frameborder="0" allow="accelerometer; autoplay; clipboard-write; encrypted-media; gyroscope; picture-in-picture; web-share" referrerpolicy="strict-origin-when-cross-origin" allowfullscreen></iframe>
</div></figure>
</div>



<div class="wp-block-column is-layout-flow wp-block-column-is-layout-flow" style="flex-basis:100px"></div>
</div>



<div class="wp-block-buttons has-custom-font-size is-content-justification-center is-layout-flex wp-container-core-buttons-is-layout-a89b3969 wp-block-buttons-is-layout-flex" style="font-size:clamp(14px, 0.875rem + ((1vw - 3.2px) * 0.204), 16px);">
<div class="wp-block-button has-custom-width wp-block-button__width-50 has-custom-font-size" style="font-size:14px"><a class="wp-block-button__link has-text-color has-tertiary-background-color has-text-color has-background has-link-color wp-element-button" href="https://www.youtube.com/live/8duUX-jySnI" target="_blank" rel="noreferrer noopener">Regarder le webinaire</a></div>
</div>
</div>
</div>
